12 is divided by 60?
12
What is the remainder when 107 is divided by 37?
33
Calculate the remainder when 251 is divided by 15.
11
What is the remainder when 481 is divided by 100?
81
What is the remainder when 630 is divided by 154?
14
What is the remainder when 191 is divided by 31?
5
What is the remainder when 701 is divided by 6?
5
What is the remainder when 66 is divided by 23?
20
Calculate the remainder when 340 is divided by 49.
46
What is the remainder when 3247 is divided by 112?
111
Calculate the remainder when 2228 is divided by 10.
8
What is the remainder when 2103 is divided by 150?
3
What is the remainder when 152 is divided by 27?
17
What is the remainder when 159 is divided by 74?
11
What is the remainder when 857 is divided by 33?
32
Calculate the remainder when 721 is divided by 44.
17
Calculate the remainder when 82 is divided by 7.
5
Calculate the remainder when 3806 is divided by 17.
15
What is the remainder when 397 is divided by 135?
127
Calculate the remainder when 56184 is divided by 26.
24
Calculate the remainder when 2198 is divided by 166.
40
What is the remainder when 433 is divided by 294?
139
Calculate the remainder when 349 is divided by 8.
5
Calculate the remainder when 144 is divided by 29.
28
What is the remainder when 299 is divided by 51?
44
What is the remainder when 232 is divided by 8?
0
Calculate the remainder when 1264 is divided by 27.
22
What is the remainder when 173 is divided by 154?
19
What is the remainder when 806 is divided by 262?
20
What is the remainder when 150 is divided by 28?
10
Calculate the remainder when 564 is divided by 116.
100
Calculate the remainder when 567 is divided by 15.
12
What is the remainder when 185 is divided by 53?
26
Calculate the remainder when 997 is divided by 124.
5
What is the remainder when 719 is divided by 72?
71
What is the remainder when 1210 is divided by 78?
40
Calculate the remainder when 728 is divided by 252.
224
What is the remainder when 203 is divided by 23?
19
Calculate the remainder when 26068 is divided by 110.
108
What is the remainder when 1818 is divided by 35?
33
What is the remainder when 53 is divided by 23?
7
Calculate the remainder when 782 is divided by 258.
8
What is the remainder when 29929 is divided by 11?
9
Calculate the remainder when 232 is divided by 135.
97
What is the remainder when 2750 is divided by 32?
30
What is the remainder when 31 is divided by 10?
1
Calculate the remainder when 4675 is divided by 135.
85
What is the remainder when 96 is divided by 9?
6
What is the remainder when 2744 is divided by 183?
182
What is the remainder when 219 is divided by 44?
43
What is the remainder when 4692 is divided by 13?
12
Calculate the remainder when 511 is divided by 111.
67
Calculate the remainder when 730 is divided by 105.
100
What is the remainder when 1177 is divided by 293?
5
Calculate the remainder when 320 is divided by 78.
8
What is the remainder when 16642 is divided by 31?
26
What is the remainder when 223 is divided by 32?
31
Calculate the remainder when 660 is divided by 73.
3
What is the remainder when 696 is divided by 3?
0
What is the remainder when 118 is divided by 62?
56
What is the remainder when 257 is divided by 59?
21
What is the remainder when 200 is divided by 91?
18
Calculate the remainder when 40 is divided by 26.
14
Calculate the remainder when 547 is divided by 29.
25
What is the remainder when 721 is divided by 146?
137
Calculate the remainder when 273 is divided by 124.
25
Calculate the remainder when 4030 is divided by 15.
10
What is the remainder when 72 is divided by 10?
2
Calculate the remainder when 422 is divided by 39.
32
What is the remainder when 42 is divided by 32?
10
Calculate the remainder when 2483 is divided by 69.
68
Calculate the remainder when 1563 is divided by 41.
5
Calculate the remainder when 6270 is divided by 2083.
21
Calculate the remainder when 492 is divided by 264.
228
What is the remainder when 321 is divided by 115?
91
What is the remainder when 73 is divided by 17?
5
What is the remainder when 1258 is divided by 16?
10
What is the remainder when 270 is divided by 12?
6
Calculate the remainder when 26 is divided by 12.
2
What is the remainder when 972 is divided by 75?
72
Calculate the remainder when 4210 is divided by 36.
34
What is the remainder when 239 is divided by 136?
103
What is the remainder when 858 is divided by 98?
74
Calculate the remainder when 335 is divided by 41.
7
What is the remainder when 74 is divided by 30?
14
What is the remainder when 170 is divided by 30?
20
Calculate the remainder when 8598 is divided by 430.
428
Calculate the remainder when 2127 is divided by 418.
37
What is the remainder when 4368 is divided by 34?
16
Calculate the remainder when 4157 is divided by 160.
157
Calculate the remainder when 44061 is divided by 153.
150
What is the remainder when 1383 is divided by 154?
151
What is the remainder when 592 is divided by 544?
48
Calculate the remainder when 299 is divided by 30.
29
Calculate the remainder when 113 is divided by 25.
13
Calculate the remainder when 134 is divided by 18.
8
Calculate the remainder when 61 is divided by 30.
1
Calculate the remainder when 220 is divided by 76.
68
Calculate the remainder when 2721 is divided by 22.
15
Calculate the remainder when 228 is divided by 67.
27
Calculate the remainder when 5810 is divided by 57.
53
What is the remainder when 1935 is divided by 102?
99
Calculate the remainder when 42 is divided by 15.
12
What is the remainder when 584 is divided by 185?
29
What is the remainder when 154 is divided by 8?
2
What is the remainder when 418 is divided by 113?
79
Calculate the remainder when 3055 is divided by 139.
136
What is the remainder when 133 is divided by 69?
64
What is the remainder when 683 is divided by 14?
11
What is the remainder when 1885 is divided by 37?
35
Calculate the remainder when 2159 is divided by 46.
43
What is the remainder when 898 is divided by 31?
30
What is the remainder when 1151 is divided by 553?
45
What is the remainder when 13 is divided by 1?
0
What is the remainder when 46 is divided by 31?
15
What is the remainder when 521 is divided by 15?
11
Calculate the remainder when 54 is divided by 23.
8
Calculate the remainder when 901 is divided by 75.
1
Calculate the remainder when 307 is divided by 168.
139
What is the remainder when 3343 is divided by 16?
15
Calculate the remainder when 3591 is divided by 22.
5
What is the remainder when 10958 is divided by 378?
374
What is the remainder when 3019 is divided by 16?
11
Calculate the remainder when 1011 is divided by 35.
31
Calculate the remainder when 4408 is divided by 30.
28
What is the remainder when 3310 is divided by 46?
44
What is the remainder when 363 is divided by 183?
180
Calculate the remainder when 103 is divided by 94.
9
Calculate the remainder when 777 is divided by 19.
17
Calculate the remainder when 415 is divided by 16.
15
What is the remainder when 2854 is divided by 12?
10
Calculate the remainder when 1155 is divided by 338.
141
Calculate the remainder when 439 is divided by 9.
7
What is the remainder when 18 is divided by 8?
2
Calculate the remainder when 110 is divided by 55.
0
What is the remainder when 1082 is divided by 356?
14
Calculate the remainder when 441 is divided by 34.
33
What is the remainder when 192 is divided by 98?
94
Calculate the remainder when 521 is divided by 53.
44
Calculate the remainder when 1045 is divided by 161.
79
Calculate the remainder when 112 is divided by 21.
7
Calculate the remainder when 104 is divided by 58.
46
What is the remainder when 236 is divided by 224?
12
What is the remainder when 162 is divided by 82?
80
Calculate the remainder when 836 is divided by 31.
30
What is the remainder when 161 is divided by 47?
20
Calculate the remainder when 41 is divided by 17.
7
What is the remainder when 97 is divided by 42?
13
Calculate the remainder when 6970 is divided by 14.
12
What is the remainder when 50480 is divided by 237?
236
What is the remainder when 119 is divided by 36?
11
What is the remainder when 77 is divided by 27?
23
What is the remainder when 4430 is divided by 31?
28
Calculate the remainder when 545 is divided by 112.
97
Calculate the